nd 77.
11
Let j = -20 - -33. What is the greatest common divisor of 65 and j?
13
Let w = 2 + 4. Let y(i) = 32*i + 3. Let k be y(w). Suppose k + 135 = 3*n. What is the greatest common factor of n and 22?
22
Suppose f + 4*w + 5 = -2*f, 5 = 5*f + 4*w. Suppose -2*k - f = -19. Calculate the greatest common divisor of 35 and k.
7
Suppose -5*o + 63 = 4*s, 5*s - 4*o = -3*o + 115. Let d = -16 + s. What is the highest common factor of d and 42?
6
Let u = -8 - -12. Suppose -2*d - 40 = -u*d. Calculate the highest common factor of 8 and d.
4
Let w be 9 + -6*(-2)/(-4). Let g be 1012/18 - w/27. What is the highest common factor of 8 and g?
8
Let j = 145 + -121. What is the highest common divisor of j and 3?
3
Suppose 3*z - 110 = -8*z. Calculate the greatest common divisor of z and 15.
5
Let n be 4 + 392/12 + (-2)/3. What is the greatest common factor of n and 90?
18
Let x(h) = -2*h**3 - 2*h**2 - 3*h. Let q be x(-3). What is the highest common divisor of 5 and q?
5
Let n(k) = -3*k - 7. Let u = -21 + 15. Let d be n(u). Suppose 171 = 3*o - 2*s, 3*o - 68 = 4*s + 109. Calculate the greatest common factor of d and o.
11
Let s = -60 + 84. Suppose 3*w = -5*k + 16, k + 2*w - 10 = -2*w. Suppose -3*m = -2*m - k*r - 12, -2*m = -2*r - 18. What is the highest common factor of s and m?
6
Suppose -3*t + 8*t - 90 = 0. Let p = 40 + -31. What is the greatest common factor of p and t?
9
Let p(b) = 2*b - 2. Let l be p(4). Calculate the greatest common factor of l and 2.
2
Let t = -148 + 239. What is the greatest common divisor of t and 13?
13
Let w be 2/(-8) + (-968)/(-32). Let v be (-1)/(-1) - (-1 - -10). Let f be ((-3)/(-2))/((-2)/v). What is the greatest common factor of w and f?
6
Let t = -7 + 22. Calculate the highest common factor of t and 105.
15
Let s be 3/(-9) + 62/6. Suppose 70 = 5*h - 4*h. What is the greatest common divisor of s and h?
10
Let i be (-97)/(-4) - 5/20. Calculate the greatest common factor of 36 and i.
12
Suppose 3*a - 2*s - 32 = 0, -a - a + 5*s = -14. Suppose -5*d + 47 = -13. Calculate the highest common divisor of d and a.
12
Suppose -q - 2*o + 30 = 15, -q - o + 20 = 0. Let n(p) = -5*p + 5. Let w be n(-4). What is the greatest common factor of q and w?
25
Let p(h) = -h**3 - 4*h**2 + 2*h + 7. Let x be p(-5). Let c = 61 - 6. Calculate the greatest common factor of c and x.
11
Let w(h) = -h**3 + 9*h**2 + 7*h + 7. Let u be w(9). What is the greatest common divisor of u and 7?
7
Let f(u) = -u**3 + 6*u**2 - 3. Let j be f(3). Suppose 0*b - b + 21 = 2*x, x - 5*b = -17. What is the highest common divisor of x and j?
8
Let l(x) = -x + 5. Let b be l(8). Let v be -60*b/9*2. Calculate the highest common divisor of 16 and v.
8
Let b(w) = -w - 8. Let d be b(-13). Let o(u) = 12*u + 4. Let n be o(d). What is the greatest common divisor of 8 and n?
8
Let y = -17 - -129. Suppose 0 = 2*i - 5*i + 45. Let k = 1 + i. Calculate the greatest common factor of y and k.
16
Suppose 3*z - 26 = -4*v, v + 3*v - 5*z - 10 = 0. Suppose 3*p - v = 1. Let x be 122/3 - p/3. Calculate the highest common factor of x and 8.
8
Suppose -5*u = -4*l - 21, 5*u + 4 - 5 = -l. Let y(n) = -n**2 - n. Let v be y(0). Suppose v = -3*r + r + 10. Calculate the highest common divisor of r and u.
1
Suppose -2*q + 10 = 3*q. What is the highest common factor of q and 2?
2
Let a = 41 + -23. Suppose 0 = 3*g - 5*c - 584, -4*c - 790 = -4*g - 3*c. Calculate the highest common divisor of g and a.
18
Let a be (-181)/(-3) + (-6)/18. Suppose -32 = -2*u + z, 21 - 1 = 2*u + 5*z. What is the highest common divisor of a and u?
15
Suppose 2*j - 3 - 1 = 0. Suppose -2*v + j = -6. Suppose -10 = -v*a + 70. What is the greatest common factor of a and 4?
4
Let m(v) = 2*v**2 + 11*v + 10. Let a = -10 + 3. Let o be m(a). Calculate the greatest common divisor of o and 124.
31
Let c(l) = 27 + 4*l**2 - 4*l + 5*l - 3*l**2. Let p be c(0). Calculate the highest common factor of p and 9.
9
Let j be (6/7)/(226/28 - 8). Let f = 8 + -4. What is the highest common divisor of f and j?
4
Let o be 4/10 - (-23)/5. Let n be ((-135)/6)/o*-2. What is the greatest common divisor of n and 9?
9
Let l be 2 + 0 + 4/1. Let o be 1*-1 - (-246)/l. Let h be (-2 + 1)/(3/(-30)). Calculate the greatest common divisor of h and o.
10
Let k be ((-26)/13)/(2/4). Let v be 20*-2*6/k. Let o be 16 - 1/(-2)*-2. Calculate the greatest common factor of v and o.
15
Suppose -5 = -2*l - 3, -3*q + l = -74. Suppose q = 7*c - 2*c. Calculate the greatest common factor of 40 and c.
5
Let v = -30 - -110. What is the greatest common factor of 16 and v?
16
Let p(l) = l**3 + 4*l**2 + l + 4. Let j = 11 - 15. Let b be p(j). Suppose b*m = -2*m + 26. What is the greatest common factor of 13 and m?
13
Let v be (-3)/9 + 4/(-6). Let j be ((-3)/(-9))/(v/(-3)). What is the highest common factor of j and 8?
1
Suppose f = -0*f + 9. Let g(k) = 6*k**2 + 5*k + 5. Let i be g(-4). What is the greatest common divisor of i and f?
9
Let b = 11 - -21. Calculate the highest common factor of 80 and b.
16
Suppose 7 = x - 2. Let n be 1/(2 - x/5). Suppose 0 = -n*h - t - t + 94, 76 = 4*h + 2*t. Calculate the greatest common factor of 27 and h.
9
Let v be 4/6*(-6)/2. Let r be 532/22 + v/11. Suppose -3*a - a + 240 = 0. What is the highest common factor of a and r?
12
Suppose 0 = -4*s - 5*a - 3 + 9, 2*a = -s. Let o = -7 - -11. What is the greatest common factor of o and s?
4
Let h(c) = -c**3 - 3*c**2 - 8*c - 13. Let r be h(-5). Let m(i) = -i**2 + 3*i + 3. Let k be m(6). Let g = 26 + k. Calculate the highest common factor of g and r.
11
Let p be -9 + -3 + 13 + (0 - -207). Calculate the highest common factor of p and 26.
26
Let y = -4 - -12. Calculate the highest common factor of 32 and y.
8
Let v(a) = 17*a - 9. Let j be (-24)/9*-3 - 1. Let u be v(j). What is the greatest common divisor of 10 and u?
10
Let v = 69 - 63. What is the greatest common divisor of v and 6?
6
Suppose -3*g + 15 = -a, a = g - a - 5. Suppose 4*h = 3*h + g. Let p be (-14)/(-8) + (-4)/(-16). What is the highest common divisor of p and h?
1
Suppose -3*y - 2*y = -350. Suppose s - 4*a = 2*s - 9, 4*s - y = a. What is the highest common divisor of s and 17?
17
Let t(n) = n**3 + 7*n**2 + 4*n - 7. Let i be t(-6). Suppose -i*a + q + 69 = 0, -5*q = a - 3*a + 46. Calculate the greatest common divisor of a and 130.
13
Suppose -5*k - 5*f = -105, 0*k = -4*k - 2*f + 84. Suppose -w = -2*n - 59, 3*n - 6 = -0. What is the greatest common factor of k and w?
21
Suppose 3*u + 4*g - 59 = 0, 5*g - 40 = -3*u + 15. Suppose 28 = 2*b - 3*a, 5*b - u = 4*b - 4*a. What is the greatest common factor of b and 68?
17
Let o(s) = s**3 + 10*s**2 - 11*s - 4. Let b be o(-11). Let m = 2 - b. Let u be (135/(-2))/((-3)/m). Calculate the greatest common divisor of u and 15.
15
Suppose b = d - 6*d - 473, 3*d + 273 = 3*b. Let p be 3/12 - d/8. Let t be (-13)/26 - 49/(-2). What is the highest common divisor of p and t?
12
Let r = 14 + -5. Let q be (-1 - 21/r)*-3. Let i be q/(-25) - 202/(-5). Calculate the greatest common factor of 8 and i.
8
Suppose q - 8 = -q - 2*v, 5*v = 5*q + 10. Suppose -2*d + 5*p = 13 - 12, -4*d + 6 = -2*p. What is the greatest common divisor of q and d?
1
Suppose 2*r + 40 = b, -2*b - 2*r = -r - 70. Let y be (-8)/10*(-15)/3. What is the greatest common factor of b and y?
4
Let y(k) = -k. Let p be y(-3). Let l be (2 - 9)*(-6)/p. What is the highest common divisor of 112 and l?
14
Let c(d) = -d + 1. Let m(x) = 36*x - 7. Let q(z) = 5*c(z) + m(z). Let j be q(1). Calculate the greatest common divisor of j and 319.
29
Let o(d) = d**3 + d**2 + 5. Let i be o(0). Suppose q - i*q = -460. Let l = 57 - 11. What is the highest common divisor of q and l?
23
Suppose -21 = -2*u + 39. Suppose u = 2*m + m. What is the greatest common divisor of 80 and m?
10
Let q be 4/(-38) - (-2412)/171. What is the highest common factor of q and 21?
7
Suppose c = 3*c - 2. Let i be (c + -1)/(2/(-2)). Suppose -4*w + 15 + 17 = i. What is the greatest common divisor of 2 and w?
2
Let u = 17 - -12. What is the greatest common divisor of u and 58?
29
Suppose 4*d - 14 - 2 = 0. Let o be ((-2)/d)/(2/(-68)). Calculate the highest common factor of 153 and o.
17
Suppose 0 = -o - 2*o + 132. Suppose -4 = -g - 0. Calculate the greatest common factor of o and g.
4
Suppose -27 = -3*n - 2*u, -2*u + 1 - 7 = 0. Suppo